101100010110110
Convert 36833 (base 9) to base 10.
24735
-23662 (base 9) to base 4
-3313223
Convert -b7 (base 14) to base 3.
-12222
23355 (base 8) to base 4
2123231
Convert 6877 (base 9) to base 13.
2419
Convert -1000144 (base 6) to base 15.
-dc9a
What is 4007 (base 11) in base 15?
18a6
5009 (base 10) to base 16
1391
What is -12818 (base 10) in base 7?
-52241
What is 4863 (base 9) in base 15?
1116
What is -9834 (base 13) in base 16?
-52b0
-1171 (base 9) to base 14
-466
What is 3b5 (base 12) in base 9?
702
What is 23114 (base 5) in base 2?
11001111011
Convert -5922 (base 11) to base 2.
-1111001011000
515412 (base 6) to base 3
2002210122
Convert 3020 (base 7) to base 11.
869
Convert -836 (base 10) to base 11.
-6a0
-1102 (base 4) to base 16
-52
Convert -8630 (base 12) to base 3.
-202012100
-13204 (base 5) to base 6
-4514
-2136 (base 7) to base 4
-23322
1101 (base 11) to base 6
10421
What is 17123 (base 8) in base 14?
2b87
Convert 1010101101 (base 2) to base 8.
1255
Convert -9395 (base 12) to base 14.
-5c1b
115115 (base 6) to base 11
7732
620 (base 10) to base 9
758
What is -ca4 (base 14) in base 9?
-3373
Convert 145 (base 11) to base 4.
2222
-d313 (base 16) to base 11
-37663
Convert -9ea8 (base 16) to base 15.
-c07b
1455 (base 7) to base 6
2403
Convert -41112 (base 5) to base 11.
-1aa6
1405 (base 9) to base 10
1058
What is 10100010 (base 2) in base 5?
1122
Convert -955 (base 11) to base 13.
-6a5
What is 234430 (base 5) in base 15?
28ca
-3410 (base 6) to base 5
-11143
Convert 2ec (base 16) to base 9.
1021
11000010000 (base 2) to base 3
2010111
What is -374 (base 12) in base 4?
-20020
10110101001110 (base 2) to base 5
332343
520 (base 8) to base 4
11100
What is -11011110100 (base 2) in base 4?
-123310
-1197 (base 11) to base 4
-120112
4230 (base 6) to base 13
585
-4464 (base 9) to base 12
-1aaa
1565 (base 8) to base 14
473
-7617 (base 9) to base 6
-41541
Convert 44213 (base 5) to base 7.
11626
-22232 (base 5) to base 8
-3037
6a2 (base 11) to base 4
31012
Convert -8c1 (base 13) to base 5.
-22014
What is -31033232 (base 4) in base 13?
-1b905
What is -5375 (base 9) in base 13?
-1a54
2122010 (base 3) to base 14
9b2
What is -4274 (base 9) in base 3?
-11022111
21643 (base 9) to base 16
3828
Convert -60719 (base 10) to base 4.
-32310233
What is -844 (base 10) in base 9?
-1137
-15155 (base 11) to base 5
-1141402
12233202 (base 4) to base 5
1340433
Convert -12863 (base 9) to base 3.
-102222010
-2011311 (base 5) to base 6
-404305
-12201022 (base 3) to base 4
-1001012
What is 2 (base 10) in base 5?
2
What is -114 (base 10) in base 6?
-310
Convert 3d06 (base 14) to base 10.
10786
Convert -21220 (base 3) to base 16.
-d5
Convert 10100110100011 (base 2) to base 8.
24643
What is 85313 (base 9) in base 15?
11a93
Convert -383 (base 15) to base 4.
-30132
-1001020220 (base 3) to base 13
-94b6
What is -30023 (base 4) in base 9?
-1055
-181 (base 14) to base 7
-621
30130 (base 4) to base 6
3404
What is -1031 (base 5) in base 4?
-2031
Convert 111001110100 (base 2) to base 16.
e74
What is 4333243 (base 5) in base 15?
16eb8
What is -30021322 (base 4) in base 6?
-1022254
Convert -c643 (base 16) to base 7.
-300655
What is -405 (base 8) in base 3?
-100200
Convert -4314 (base 9) to base 13.
-15a0
-4753 (base 10) to base 11
-3631
Convert 243422 (base 7) to base 4.
22312223
Convert -21300102 (base 4) to base 14.
-107bc
3986 (base 14) to base 6
114454
41c (base 14) to base 11
677
What is 337 (base 10) in base 3?
110111
What is 1906 (base 10) in base 6?
12454
What is 1032203 (base 4) in base 2?
1001110100011
What is -21221210 (base 3) in base 7?
-22623
Convert -21248 (base 9) to base 16.
-36e9
Convert 54480 (base 9) to base 6.
435113
What is -40316 (base 9) in base 6?
-322410
What is -6ec0 (base 16) in base 15?
-8602
22056 (base 7) to base 6
41333
What is -30345 (base 7) in base 15?
-22c3
What is 379 (base 13) in base 4?
21133
Convert -120112 (base 3) to base 5.
-3134
163555 (base 8) to base 7
334504
-11001 (base 6) to base 10
-1513
45211 (base 6) to base 14
2451
4303 (base 6) to base 13
5a0
What is -bbc (base 14) in base 13?
-1098
What is -1001111000000 (base 2) in base 8?
-11700
What is 1192 (base 13) in base 5?
34420
Convert 40a9 (base 11) to base 12.
3197
Convert -810 (base 13) to base 11.
-1031
What is -4272 (base 16) in base 3?
-212100000
Convert 9f1 (base 16) to base 9.
3437
-2655 (base 7) to base 9
-1353
Convert 12615 (base 9) to base 3.
102200112
Convert c505 (base 16) to base 10.
50437
Convert 11321 (base 4) to base 13.
230
-2100 (base 5) to base 11
-230
26637 (base 10) to base 13
c180
-451113 (base 6) to base 5
-2202340
What is 11000000001011 (base 2) in base 13?
57a1
What is 748 (base 14) in base 8?
2634
521 (base 9) to base 8
650
23563 (base 7) to base 14
2333
6b5 (base 13) to base 15
527
What is 1010101111001 (base 2) in base 14?
2009
22767 (base 9) to base 14
5784
What is -1083 (base 11) in base 10?
-1422
1712 (base 11) to base 4
202033
Convert -30610 (base 9) to base 8.
-47322
Convert -4224 (base 6) to base 7.
-2530
What is -d4c (base 15) in base 4?
-232311
What is -2353 (base 12) in base 10?
-3951
What is -2202102202 (base 3) in base 16?
-d3f7
Convert -13013121 (base 4) to base 11.
-1a996
-11c (base 15) to base 4
-3330
Convert 1cb (base 15) to base 14.
21a
What is a41 (base 11) in base 6?
5451
a91 (base 11) to base 6
10022
Convert 341 (base 12) to base 9.
584
Convert 5953 (base 11) to base 4.
1321322
What is 613 (base 15) in base 14?
6da
What is 375 (base 11) in base 8?
675
What is 1231c (base 14) in base 8?
126746
5142 (base 14) to base 12
8106
Convert 402 (base 8) to base 11.
215
Convert -1930 (base 16) to base 9.
-8754
Convert -820 (base 9) to base 14.
-358
What is 22320 (base 7) in base 11?
4276
Convert 155102 (base 7) to base 4.
13131302
What is 13123 (base 5) in base 7?
3012
What is 5624 (base 10) in base 12?
3308
What is 27d (base 16) in base 5?
10022
Convert -86a1 (base 11) to base 16.
-2cdd
What is 13512 (base 14) in base 3?
2102100121
What is -121201000 (base 3) in base 6?
-132213
10001110010100 (base 2) to base 6
110100
Convert 124 (base 12) to base 13.
103
What is -2110 (base 4) in base 13?
-b5
What is 867 (base 12) in base 14?
63d
Convert 1212120 (base 3) to base 10.
1365
What is 217c (base 13) in base 10?
4666
Convert 444 (base 8) to base 10.
292
11212 (base 4) to base 9
437
Convert -830 (base 10) to base 7.
-2264
Convert 100000100110 (base 2) to base 15.
941
What is -23555 (base 6) in base 12?
-1bbb
3c5b (base 15) to base 12
757b
What is 9ee (base 16) in base 4?
213232
What is -7563 (base 8) in base 14?
-1627
Convert 3221000 (base 4) to base 3.
202110022
Convert 13313 (base 5) to base 10.
1083
What is 15593 (base 13) in base 10?
40511
What is 1003 (base 7) in base 5?
2341
Convert -709 (base 12) to base 6.
-4413
What is 3ef1 (base 16) in base 15?
4b93
-23b (base 13) to base 4
-12010
-1c05 (base 13) to base 16
-1086
977 (base 13) to base 5
22434
What is 53350 (base 8) in base 13?
a185
21022121 (base 3) to base 16
14d7
-2220010 (base 3) to base 16
-83d
-259f (base 16) to base 12
-56a7
What is -1121 (base 3) in base 6?
-111
810 (base 10) to base 9
1100
3037 (base 10) to base 2
101111011101
1023011 (base 4) to base 16
12c5
Convert -153 (base 6) to base 8.
-105
15761 (base 8) to base 12
4181
What is 24847 (base 10) in base 13?
b404
Convert -10410 (base 6) to base 2.
-10110100110
What is -3112 (base 7) in base 3?
-1111021
Convert -29824 (base 10) to base 8.
-72200
Convert 21100101 (base 3) to base 2.
1010011101100
What is -1610 (base 7) in base 9?
-785
231 (base 10) to base 6
1023
Convert -235aa (base 11) to base 12.
-17814
Convert -133563 (base 7) to base 16.
-62f1
-23770 (base 8) to base 2
-10011111111000
Convert -a599 (base 14) to base 8.
-67613
Convert 594 (base 12) to base 6.
3504
What is -bb98 (base 13) in base 14?
-975d
Convert -284 (base 9) to base 12.
-17a
What is -3232 (base 13) in base 9?
-10504
What is -120202010 (base 3) in base 5?
-331403
10000011010 (base 2) to base 6
4510
3114 (base 12) to base 15
18b4
What is 440 (base 12) in base 6?
2520
What is -10002211110 (base 3) in base 2?
-1110111010111001
-103a4 (base 11) to base 9
-22657
What is -4a7 (base 13) in base 6?
-3433
-1342210 (base 5) to base 13
-c86b
-1011 (base 6) to base 14
-11d
2